e 3*o = -o + 224. Let d = 12 + -4. What is the highest common divisor of o and d?
8
Let n be (1/3)/((-1)/(-21)). Let h be (-1 - -9)*49/28. Calculate the highest common factor of n and h.
7
Suppose -4*a + 5*r = -382, a - 3*a - r + 198 = 0. Calculate the highest common factor of a and 14.
14
Suppose 2*c = -j + 43 + 36, 0 = 5*j + 25. What is the highest common divisor of 28 and c?
14
Let s(k) = k**2 + 6*k + 30. Let i be s(-5). Calculate the greatest common divisor of 125 and i.
25
Suppose -32*d + 55 = -27*d. Calculate the greatest common divisor of 1 and d.
1
Let s = 13 - 13. Suppose 5*x + 5 = s, -5*v - x = -10 + 1. Calculate the greatest common factor of 2 and v.
2
Let t(w) = w**3 + 8*w**2 - 13*w - 6. Let x be t(-9). Calculate the highest common factor of 75 and x.
15
Let h(i) = i**3 + 6*i**2 + i - 4. Let j be h(-4). What is the highest common divisor of 8 and j?
8
Let u = -27 - -42. Calculate the highest common divisor of u and 120.
15
Let p be ((-3)/(-2))/(15/20). Let c be 2/p - 5/(-5). Let b = -3 + 5. What is the greatest common factor of c and b?
2
Let s(o) = -12*o + 7. Let g be s(-10). Let f = g + -85. Calculate the greatest common divisor of f and 21.
21
Suppose 3*n - 7*n - 1352 = 0. Suppose -9 = 3*y + 3. Let a be n/y + (-6)/12. Calculate the highest common divisor of 12 and a.
12
Let p be 2/(-5) - (-694)/10. Suppose 2*u + 3*a = p, u = -3*a + 8 + 31. What is the greatest common divisor of 12 and u?
6
Let g = 276 - 78. What is the highest common divisor of g and 18?
18
Suppose 4 = -2*k - 0. Let m be (k/2)/(2/(-2)). Calculate the greatest common factor of 1 and m.
1
Let m be 40/18 + (-2)/9. Let g be 0 - 2 - (m + -5). Suppose 5*q - q = 16. What is the greatest common factor of q and g?
1
Let n be (36/(-15))/(6/(-15)). What is the highest common factor of n and 9?
3
Suppose -3*a + 44 = 2. Let k be (-7 + (-62)/(-10))/(2/(-5)). What is the highest common factor of k and a?
2
Let r(x) = -6*x - 3. Let l be 10/4*24/(-20). Let c be r(l). Suppose -18 + 3 = -f. What is the highest common divisor of f and c?
15
Suppose 0 = 9*x - 11*x + 10. Suppose x*n = -10, -i - n - 2*n = -15. What is the greatest common factor of 3 and i?
3
Let i = -60 + 67. What is the highest common factor of i and 1?
1
Let f be 3/(-27)*3 - (-56)/6. Calculate the greatest common factor of f and 81.
9
Let o = 6 + 11. What is the greatest common factor of 153 and o?
17
Suppose -32 = -3*v + v. Suppose a = -0*a + v. Suppose -2*t + a + 10 = 0. What is the highest common factor of t and 13?
13
Suppose -k = -10 - 3. Let j = 7 - 5. Suppose j*w - w + 148 = i, -3*i + 414 = 3*w. What is the greatest common divisor of k and i?
13
Let t(m) = m**3 - 16*m**2 + 15*m + 15. Let u be t(15). Suppose a + 4*q = 4*a - 303, -5*q = 3*a - 330. What is the greatest common divisor of a and u?
15
Let f(x) = x**3 - 10*x**2 - x + 14. Let l be f(10). Suppose 2*n + 2*h - 244 = 0, 4*n - l*h - 473 = -5*h. Calculate the greatest common divisor of 13 and n.
13
Suppose d + 168 = 7*d. Calculate the greatest common factor of d and 8.
4
Let u(g) = 7 + 7*g - 4 + g**2 + 5. Let i be u(-6). Let l = 50 + -34. What is the highest common divisor of l and i?
2
Suppose -66 = c + 96. Let d = -82 - c. Let u be 7 - 2/(-1) - -1. What is the highest common factor of u and d?
10
Let h = -60 - -141. Calculate the greatest common factor of h and 9.
9
Suppose 0 = u - 2 - 1. Suppose 4*v + u*w = -0*w + 349, -3*v - 2*w + 263 = 0. What is the greatest common factor of 13 and v?
13
Suppose 0 = -8*m + 52 + 20. Calculate the greatest common factor of m and 45.
9
Let m(h) = -h**3 - 8*h**2 + 10*h + 8. Let y be m(-9). Let v be y - 3/(-9)*0. Let b be ((-3)/v)/((-3)/(-9)). Calculate the highest common factor of b and 18.
9
Suppose 7 + 8 = 3*v. Let m(x) = x**2 - 2*x - 9. Let f be m(v). Calculate the greatest common divisor of f and 15.
3
Let y be (-7 - -5)*2*-1. Suppose y*u - 47 = 13. Let f = -1 + u. What is the greatest common factor of 42 and f?
14
Suppose -i = -0*i. Suppose 2*x - 2*u = -u + 42, i = -2*x - u + 42. Calculate the greatest common factor of 231 and x.
21
Let l = -286 + 528. Suppose -6*a = -2*a. Suppose -3*q + 66 = -a*q. Calculate the highest common divisor of q and l.
22
Let l be (-110)/15*-3 + 4. What is the greatest common factor of l and 286?
26
Suppose b + 668 = -2*f, -3*f = 2*b + b + 996. Let q = -224 - f. Let n be 3 + (3 - 8/(-1)). Calculate the highest common divisor of q and n.
14
Let i(y) = -y**2 + 6*y + 2. Let t be i(6). Let l = 154 - 140. Calculate the highest common factor of t and l.
2
Suppose 292 = 3*s - 5*u, -s + 2*u = -u - 96. Suppose s = 2*d - 89. Let l = 27 + d. Calculate the highest common factor of 11 and l.
11
Suppose -4*f + 25 = -11. Let t be (-2)/2*(-80 - 1). Calculate the highest common factor of f and t.
9
Suppose 0*q = q - 6. Suppose -5*a = -n - 12, 2*n = 5*a - 7 - 2. What is the highest common factor of q and n?
3
Let v = -5 + 9. Let m be (12/18)/(v/174). Calculate the highest common divisor of m and 319.
29
Let q(i) = i + 4. Let z be q(12). Let m = z - 1. What is the greatest common divisor of 135 and m?
15
Let z = 174 - 104. Let y be (-45)/(-6)*(-36)/(-27). Calculate the greatest common factor of z and y.
10
Suppose -h = -72 + 15. Let c be h/9 - 4/(-6). What is the greatest common divisor of c and 7?
7
Let c = 11 + -15. Suppose -d = d + 10. Let r be ((-4)/d)/(c/(-90)). What is the greatest common factor of 6 and r?
6
Let u = -47 + 19. Let a be (u/(-10))/((-5)/(-25)). Calculate the highest common factor of 70 and a.
14
Let y = -70 - -78. Calculate the greatest common factor of y and 88.
8
Suppose 2*m = -2*m + 364. Let b(j) = j**2 + 5*j - 14. Let r be b(-6). Let f be 8 + r/(-2) - -1. What is the greatest common divisor of m and f?
13
Let v(c) be the first derivative of -c**4/4 + c**2 + c - 1. Let z be v(-4). Suppose 8 = -3*o + 65. What is the highest common divisor of o and z?
19
Let l be 14 + (-2 - -4) + 2. Suppose k - 50 = -5*r, -k - 2*k - 30 = -5*r. What is the greatest common factor of r and l?
9
Suppose -w + 45 = -0. What is the greatest common factor of 15 and w?
15
Let t = 4 + 3. Calculate the greatest common divisor of 28 and t.
7
Let g = 177 - 23. Calculate the greatest common divisor of g and 22.
22
Suppose -6*t = -3*t - 36. Calculate the highest common divisor of 96 and t.
12
Suppose 0 = -n - 6 - 1. Let u(i) = i**3 + 7*i**2 - i + 2. Let o be u(n). What is the greatest common divisor of o and 63?
9
Let m be (18/(-24))/((-1)/32). Let k(x) = 2*x - 3*x**3 + 6*x - 3*x**2 + 2*x**3. Let n be k(-6). Calculate the highest common factor of n and m.
12
Let k be 1*6/3 + 3. Suppose 0 = 3*m - k*o - 52, -5*o = m - 58 + 14. What is the highest common divisor of 36 and m?
12
Let x = -31 - -122. What is the greatest common divisor of x and 13?
13
Let j = 86 + -76. What is the greatest common factor of 110 and j?
10
Let z(c) = c**3 + 5*c**2 + 2*c + 2. Let m be z(-3). Let x = 13 + 17. Suppose -x = -3*i + 12. What is the highest common divisor of i and m?
14
Suppose 2*u - 4*o - 136 = -3*u, -3*o - 132 = -5*u. Calculate the highest common divisor of u and 36.
12
Let d be 123/((-1)/((-2)/3)). Suppose -238 - d = -5*p. Let k be -3 - ((-6)/(-18) + (-58)/3). Calculate the greatest common factor of p and k.
16
Let q(g) = 15*g - 1. Let k be q(1). Let j = 94 - 59. What is the greatest common divisor of j and k?
7
Suppose -64 = -3*f - 19. Suppose 2*t = -10, 3*g + 2*t = -t + 210. Calculate the greatest common divisor of g and f.
15
Let v = 23 - 14. Let c = v + -7. Calculate the greatest common divisor of c and 16.
2
Let n(x) = x**3 - 4*x**2 + x + 7. Let w be n(3). Suppose 2 - 1 = j. Calculate the highest common divisor of j and w.
1
Let p be (-330)/(-12) + (-2)/(-4). Calculate the greatest common divisor of p and 42.
14
Suppose 15 = 4*v - 29. Suppose n - 2*n = -v. Calculate the highest common factor of 88 and n.
11
Suppose 12 = 61*k - 59*k. Let r be 12*((1 - -1) + 0). What is the greatest common divisor of r and k?
6
Suppose m = -3*m + 64. Suppose -5*u + 3*y = -32, -2*u = -3*y + 8*y + 12. What is the greatest common factor of u and m?
4
Let f be ((-18)/15)/(2/10). Let t(z) = -2*z**2 - 3*z + 4. Let n be t(f). Let i = n - -194. What is the greatest common divisor of 18 and i?
18
Let o(h) = h**3 - 12*h**2 - 13*h. Let k be o(13). S